(z) = 541*z**2 - 214*z + 1567. List the prime factors of n(7).
2, 97, 137
Suppose -122*p = -286842 - 392088. List the prime factors of p.
3, 5, 7, 53
Let p(d) = -4*d - 106. Let v be p(12). List the prime factors of (1 + 1)*7/(v/(-9647)).
877
Let p be (-44 - -2)/((-10)/60). Let c = p + 165. List the prime factors of c.
3, 139
What are the prime factors of ((-2)/(-4))/(143/982410)?
3, 5, 229
Suppose 0 = -3*l + 5*x + 35, 3*x + 1 = -4*l + 9. Suppose -l*u = u - 2952. What are the prime factors of u?
2, 3, 41
Let w be -15*7*(-1)/3. Let q = w - 31. List the prime factors of (-5 + q - -1) + 42.
2, 3, 7
Suppose -2*h + h = 2*n + 69, 3 = -3*h. Let o be n/(-6) - (5 - 48/9). What are the prime factors of (-196)/o*156/(-26)?
2, 7
Let h be (504/(-27))/(992/(-495) - -2). Suppose -h = -3*a + 3*o, -4*o - 4604 = -3*a - 9*o. List the prime factors of a.
2, 769
Suppose 3*q = -2*l + q + 378, 0 = q - 1. Suppose 10 = -5*n, -4*n = -3*b + 5*b - 202. Let z = l - b. List the prime factors of z.
83
Let d = -8 + 10. Suppose -5*y = 3*b - 28, -4*y - d*b + 44 = -5*b. Let q(v) = 4*v - 16. What are the prime factors of q(y)?
2
Suppose 0 = 593*s - 441*s - 3350080. What are the prime factors of s?
2, 5, 19, 29
Suppose -s = -2*s + t - 7, t = 2*s + 19. Let w be (69/s*-2)/(3/(-12)). Let l = w + 83. List the prime factors of l.
37
What are the prime factors of -3 + (50/(-2))/(((-90)/(-927))/(-10))?
2, 643
Suppose -30 = -5*i, 17*i - 22*i - 15538 = -4*d. What are the prime factors of d?
2, 7, 139
Let o(r) = -r**2 + 4*r - 8. Let g(b) = b**2 - 4*b + 8. Let p(a) = -3*g(a) - 4*o(a). Let v be p(2). Let j(s) = 9*s**2 + 7*s + 1. List the prime factors of j(v).
173
Let q(m) = -49*m + 87. Let z(v) = -v**3 + 7*v**2 + 21*v - 36. Let l be z(9). What are the prime factors of q(l)?
2, 3, 11
Let o(t) = -2*t**3 + 51*t**2 + 45*t - 29. List the prime factors of o(22).
4349
Let b(u) = 4*u + 31. Let g be (27/6)/(((-44)/80)/(-11)). Let x be (g/3)/3 + -1. What are the prime factors of b(x)?
67
Let r(q) = -q**2 - 11*q - 12. Let d be r(-9). Suppose d*u - 16*u + 8090 = 0. List the prime factors of u.
809
What are the prime factors of ((-2)/(-6))/(-17 + 6789534/399384)?
2, 3, 43
Let a be (2/(-1))/(6/195). Let j be ((-13)/(a/30))/2. Suppose 6*r - 5*p = j*r + 160, 53 = r - 2*p. List the prime factors of r.
5, 11
Let o(b) = 29*b**3 - 3*b**2 + 7*b - 15. List the prime factors of o(3).
2, 3, 127
Suppose 4*s - 20507 = -3*g, -20502 = -4*s + 45*g - 47*g. What are the prime factors of s?
47, 109
Suppose 5*a + 3062 = 3*s, 0 = -s - s - 5*a + 2058. Suppose -4*x - 2*b + s = 0, -4*x + 890 = 5*b - 146. List the prime factors of x.
2, 127
What are the prime factors of (-30870)/180*1032/(-14)?
2, 3, 7, 43
Suppose 2*s - j - 27334 = 0, -4*s - 63*j = -62*j - 54674. List the prime factors of s.
2, 3, 17, 67
Suppose 0 = -5*f + 4*j - 30 - 75, 2*f + 5*j = -42. Let g = 23 + f. Suppose g*w - 318 + 58 = 0. List the prime factors of w.
2, 5, 13
Let x(b) = 6*b + 4. Let y be x(-5). Let p = y - -100. Suppose 5*g = 4*k + 4*g - 305, 0 = k + 2*g - p. List the prime factors of k.
2, 19
What are the prime factors of (45 - 46)/(3/143478*-2)?
3, 2657
Suppose -l + 15*l - 154434 = 2982. List the prime factors of l.
2, 3, 937
Let c(h) = 292*h**2 - 31*h - 182. What are the prime factors of c(-10)?
2, 3, 13, 47
Let j(b) = 43*b**3 + 5*b**2 - 10*b. Let y be j(3). Suppose -3*x + 7*q + 720 = 4*q, 5*x + q = y. Let k = x - 150. List the prime factors of k.
2, 43
Suppose 24*c - 15*c - 1278 = 0. Let s = 100 + c. List the prime factors of s.
2, 11
Let h = 110 + -75. Let u(x) = -x**2 - 5*x. Let d be u(-5). Suppose 2*c - 27 - h = d. List the prime factors of c.
31
What are the prime factors of 1/(28/(-12)) + 6 + 204302/49?
5, 167
Suppose -7160*t = -7149*t - 133287. List the prime factors of t.
3, 7, 577
Suppose -1973808 = -12*t - 36*t. What are the prime factors of t?
3, 1523
Suppose -2*g + 7 = 4*j + 1, 15 = 5*j + g. Suppose -2*i - 2*p = -260, -2*i - 272 = -4*i + j*p. List the prime factors of i.
2, 3, 11
Let q(v) = v**3 + 15*v**2 - 84*v + 80. What are the prime factors of q(29)?
2, 61, 71
Let u(l) = 3*l**2 - 18*l - 16. Let p be u(8). List the prime factors of p/8 + (-1030)/(-2).
3, 173
List the prime factors of 7445/((55/(-264))/(1/(-4))).
2, 3, 1489
Let b(t) = 7*t**2 - 11*t + 13. Let u(p) = -13*p**2 + 23*p - 26. Let c(s) = -7*b(s) - 4*u(s). List the prime factors of c(7).
5, 11
Suppose -4*r = 20, 4*s + 3 = -2*r - 7. Suppose 2*v = 8, s*y - v + 2240 = 2*y. List the prime factors of y.
2, 13, 43
Suppose -9*t - 4*d + 13472 + 57769 = 0, 2*t = -2*d + 15828. List the prime factors of t.
3, 7, 13, 29
Let c(i) = -2*i**3 + 11*i**2 - 5*i + 3. Let f be c(5). Suppose -192 = -3*g + 3*a, 0*g + 192 = f*g + 3*a. Let s = g + -15. What are the prime factors of s?
7
What are the prime factors of -17 + 4825 - (3 - -9)?
2, 11, 109
Suppose -4*g - 4*x - 4 = 0, 5*g - 4*x - 4 - 18 = 0. Suppose k + 9 = g*n, 4*n - 18 = k - n. Let z = k + 7. List the prime factors of z.
2
Suppose 164 = -3*v - 262. Let i = v + 181. What are the prime factors of i?
3, 13
Let p(b) = 187*b**2 + 64*b + 718. What are the prime factors of p(-10)?
2, 41, 229
Suppose 0 = -5*f + 5*j + 44125, -j + 28368 = 5*f - 15751. List the prime factors of f.
2, 1103
Let q be 8*(-1)/2*-252. Let p = -648 + q. Suppose 6*k - 5*w = 3*k + 254, -p = -4*k - 4*w. What are the prime factors of k?
2, 11
Suppose -6*r = -17*r - 15*r + 401284. What are the prime factors of r?
2, 7717
Suppose u + 0*u - m = 117, 0 = -m - 3. Suppose -u + 898 = 4*d. Suppose 2*r - d = 22. What are the prime factors of r?
109
Suppose 0 = -5*m - 4*y + 35, 5*y - 28 = -m - 0. Suppose -m*g + 1171 + 830 = 0. List the prime factors of g.
23, 29
Let t be (-47470)/(-517) - (-4)/22. Let h(m) = 14*m**2 + m. Let c be h(1). Let l = t - c. List the prime factors of l.
7, 11
Let j = 50914 - 29926. What are the prime factors of j?
2, 3, 11, 53
Let s be 2/(-1 + (-1196)/(-1188)). Let r = -152 + s. List the prime factors of r.
5, 29
Let c(p) = -5*p**3 + 7*p**2 + 6*p + 2. Let a be c(-2). Let g = a - 16. What are the prime factors of g?
2, 3, 7
Suppose 0 = -8*u + 4*u - 2*y + 1624, -5*u - 2*y + 2029 = 0. Let q = u + 29. What are the prime factors of q?
2, 7, 31
Suppose 65 - 95 = -3*z. List the prime factors of z - 3 - (0 - 245).
2, 3, 7
What are the prime factors of -2*((-116044)/16 + 9/36)?
3, 5, 967
Let v = -63 - -66. Suppose -3*b - m = 2*b - 5, 2*b + 11 = -v*m. Suppose 0 = 5*h + 5*r - 630, -b*h = -3*r + 10 - 252. List the prime factors of h.
2, 31
Let w(b) be the third derivative of 0 + 0*b - 1/3*b**4 + 1/2*b**3 + 30*b**2 + 3/20*b**5. List the prime factors of w(5).
2, 47
Let d = -19507 - -49012. List the prime factors of d.
3, 5, 7, 281
Let b = -9264 - -21645. What are the prime factors of b?
3, 4127
Suppose 0*o - 2*o + 8 = b, -3*o + 5*b + 25 = 0. Suppose o*t = 7*t - 3632. Suppose -15*m + t = -7*m. What are the prime factors of m?
227
Let g(h) = 11*h**2 + 75*h + 106. List the prime factors of g(-24).
2, 11, 211
Suppose -5*z = 1224*q - 1228*q + 24279, 5*q - z - 30354 = 0. List the prime factors of q.
13, 467
Suppose 89*g = 194*g - 96*g. What are the prime factors of -2 + -4 - g - (3 + -414)?
3, 5
Suppose 78*p - 81*p + 378*p = 6003375. What are the prime factors of p?
7, 2287
List the prime factors of (-33)/(-77)*-1 - ((-39048)/21 - 1).
2, 3, 5, 31
Let a = 2 - 0. Let v be (a - 0)*159*4/24. Suppose 97 + v = 5*s. What are the prime factors of s?
2, 3, 5
Let a(u) = u**2 - 4*u + 3. Let b be a(5). Suppose -b*t - 455 + 5415 = 0. List the prime factors of t.
2, 5, 31
Let g(m) = -3*m - 19. Let p be g(-7). Let v(o) = 81 - 28*o**2 + p*o + o + 29*o**2. List the prime factors of v(0).
3
Suppose 11*q - 15530 = q. Suppose 0 = 5*d - 4768 + q. What are the prime factors of d?
643
What are the prime factors of (-355462)/(-16) + (4525/200 - 23)?
2, 2777
What are the prime factors of 78/6*(2495 - -21)?
2, 13, 17, 37
Suppose -155901 - 212369 = -26*c - 116590. What are the prime factors of c?
2, 5, 11
Let x be 12 + -13 - (-1)/(-2)*-6. Suppose -4*g + c = -6679, -x*g + 4410 = -5*c + 1093. What are the prime factors of g?
3, 557
Suppose -38 = -8*l + 42. Let g(h) = 5*h**2 + 16*h - 138. What are the prime factors of g(l)?
2, 3, 29
Suppose 5*j = 5*v - 125, j + j + 2*v + 30 = 0. Let c = 22 + j. Suppose -3*t